by 20?
11
Calculate the remainder when 341 is divided by 19.
18
What is the remainder when 18876 is divided by 59?
55
Calculate the remainder when 260 is divided by 45.
35
Calculate the remainder when 235 is divided by 61.
52
What is the remainder when 55 is divided by 19?
17
What is the remainder when 56 is divided by 29?
27
Calculate the remainder when 41 is divided by 17.
7
What is the remainder when 2892 is divided by 31?
9
Calculate the remainder when 79 is divided by 17.
11
What is the remainder when 5011 is divided by 1250?
11
What is the remainder when 27175 is divided by 214?
211
Calculate the remainder when 580 is divided by 73.
69
Calculate the remainder when 6417 is divided by 6.
3
Calculate the remainder when 56 is divided by 30.
26
Calculate the remainder when 19 is divided by 6.
1
What is the remainder when 163 is divided by 76?
11
Calculate the remainder when 82 is divided by 37.
8
What is the remainder when 103 is divided by 53?
50
What is the remainder when 6308 is divided by 109?
95
Calculate the remainder when 1589 is divided by 38.
31
Calculate the remainder when 194 is divided by 7.
5
Calculate the remainder when 903 is divided by 436.
31
What is the remainder when 1046 is divided by 21?
17
What is the remainder when 45 is divided by 7?
3
Calculate the remainder when 120 is divided by 25.
20
What is the remainder when 217 is divided by 117?
100
Calculate the remainder when 282 is divided by 32.
26
What is the remainder when 734 is divided by 82?
78
What is the remainder when 268 is divided by 27?
25
What is the remainder when 17 is divided by 5?
2
What is the remainder when 1476 is divided by 86?
14
Calculate the remainder when 134 is divided by 32.
6
What is the remainder when 543 is divided by 7?
4
What is the remainder when 1737 is divided by 8?
1
What is the remainder when 175 is divided by 15?
10
What is the remainder when 68 is divided by 65?
3
What is the remainder when 1098 is divided by 55?
53
What is the remainder when 260 is divided by 67?
59
What is the remainder when 1258 is divided by 105?
103
Calculate the remainder when 318 is divided by 71.
34
What is the remainder when 157 is divided by 104?
53
Calculate the remainder when 972 is divided by 65.
62
Calculate the remainder when 204 is divided by 57.
33
What is the remainder when 6546 is divided by 52?
46
What is the remainder when 448 is divided by 45?
43
What is the remainder when 233 is divided by 39?
38
Calculate the remainder when 245 is divided by 70.
35
Calculate the remainder when 577 is divided by 141.
13
What is the remainder when 265 is divided by 148?
117
Calculate the remainder when 35 is divided by 26.
9
Calculate the remainder when 322 is divided by 33.
25
Calculate the remainder when 368 is divided by 116.
20
Calculate the remainder when 1170 is divided by 49.
43
Calculate the remainder when 162 is divided by 33.
30
Calculate the remainder when 959 is divided by 138.
131
What is the remainder when 180 is divided by 115?
65
Calculate the remainder when 1467 is divided by 15.
12
Calculate the remainder when 97 is divided by 23.
5
Calculate the remainder when 64 is divided by 41.
23
What is the remainder when 1156 is divided by 1138?
18
What is the remainder when 14291 is divided by 18?
17
Calculate the remainder when 32126 is divided by 238.
234
What is the remainder when 679 is divided by 33?
19
Calculate the remainder when 3712 is divided by 15.
7
Calculate the remainder when 591 is divided by 36.
15
What is the remainder when 998 is divided by 41?
14
Calculate the remainder when 37 is divided by 3.
1
Calculate the remainder when 1196 is divided by 63.
62
Calculate the remainder when 5667 is divided by 14.
11
What is the remainder when 3038 is divided by 66?
2
What is the remainder when 654 is divided by 133?
122
What is the remainder when 593 is divided by 18?
17
What is the remainder when 1078 is divided by 108?
106
What is the remainder when 105 is divided by 33?
6
What is the remainder when 2227 is divided by 2216?
11
What is the remainder when 163 is divided by 125?
38
What is the remainder when 86 is divided by 15?
11
What is the remainder when 128 is divided by 31?
4
Calculate the remainder when 129 is divided by 49.
31
What is the remainder when 10509 is divided by 72?
69
Calculate the remainder when 75 is divided by 31.
13
Calculate the remainder when 519 is divided by 136.
111
Calculate the remainder when 403 is divided by 111.
70
What is the remainder when 11074 is divided by 71?
69
What is the remainder when 260 is divided by 53?
48
What is the remainder when 199 is divided by 40?
39
Calculate the remainder when 726 is divided by 58.
30
Calculate the remainder when 83 is divided by 33.
17
Calculate the remainder when 526 is divided by 235.
56
What is the remainder when 214 is divided by 21?
4
Calculate the remainder when 2481 is divided by 3.
0
Calculate the remainder when 197 is divided by 50.
47
What is the remainder when 393 is divided by 44?
41
Calculate the remainder when 168 is divided by 20.
8
What is the remainder when 579 is divided by 21?
12
What is the remainder when 196 is divided by 9?
7
Calculate the remainder when 271 is divided by 61.
27
Calculate the remainder when 866 is divided by 3.
2
What is the remainder when 251 is divided by 129?
122
What is the remainder when 709 is divided by 10?
9
Calculate the remainder when 156 is divided by 57.
42
Calculate the remainder when 815 is divided by 267.
14
Calculate the remainder when 482 is divided by 472.
10
What is the remainder when 169 is divided by 36?
25
Calculate the remainder when 143 is divided by 26.
13
What is the remainder when 39 is divided by 18?
3
What is the remainder when 7110 is divided by 127?
125
Calculate the remainder when 263 is divided by 134.
129
Calculate the remainder when 1232 is divided by 137.
136
What is the remainder when 1845 is divided by 33?
30
Calculate the remainder when 195 is divided by 23.
11
What is the remainder when 53 is divided by 19?
15
Calculate the remainder when 481 is divided by 113.
29
What is the remainder when 307 is divided by 10?
7
What is the remainder when 75 is divided by 29?
17
What is the remainder when 10715 is divided by 5347?
21
What is the remainder when 67 is divided by 18?
13
What is the remainder when 243 is divided by 58?
11
What is the remainder when 1390 is divided by 361?
307
Calculate the remainder when 645 is divided by 81.
78
What is the remainder when 373 is divided by 126?
121
Calculate the remainder when 127 is divided by 61.
5
What is the remainder when 307 is divided by 5?
2
What is the remainder when 45 is divided by 21?
3
Calculate the remainder when 207 is divided by 112.
95
Calculate the remainder when 429 is divided by 133.
30
What is the remainder when 156 is divided by 85?
71
Calculate the remainder when 263 is divided by 47.
28
Calculate the remainder when 39 is divided by 11.
6
What is the remainder when 1626 is divided by 181?
178
Calculate the remainder when 2543 is divided by 67.
64
What is the remainder when 3774 is divided by 236?
234
What is the remainder when 268 is divided by 17?
13
Calculate the remainder when 4177 is divided by 21.
19
What is the remainder when 47 is divided by 20?
7
Calculate the remainder when 207 is divided by 63.
18
Calculate the remainder when 250 is divided by 244.
6
What is the remainder when 17 is divided by 6?
5
What is the remainder when 310 is divided by 151?
8
What is the remainder when 1862 is divided by 155?
2
What is the remainder when 44106 is divided by 169?
166
What is the remainder when 157 is divided by 34?
21
What is the remainder when 682 is divided by 18?
16
What is the remainder when 1537 is divided by 60?
37
Calculate the remainder when 1029 is divided by 204.
9
What is the remainder when 230 is divided by 47?
42
What is the remainder when 266 is divided by 54?
50
What is the remainder when 1531 is divided by 1523?
8
Calculate the remainder when 1102 is divided by 65.
62
What is the remainder when 191 is divided by 34?
21
Calculate the remainder when 231 is divided by 26.
23
What is the remainder when 523 is divided by 17?
13
Calculate the remainder when 192 is divided by 101.
91
Calculate the remainder when 483 is divided by 5.